hat is the remainder when 12951 is divided by 12832?
119
Calculate the remainder when 3322 is divided by 679.
606
What is the remainder when 278802 is divided by 29?
25
Calculate the remainder when 119936899 is divided by 201.
199
Calculate the remainder when 244735 is divided by 147.
127
Calculate the remainder when 29413060 is divided by 33.
28
Calculate the remainder when 557804138 is divided by 9114.
9110
Calculate the remainder when 15352847 is divided by 16.
15
Calculate the remainder when 1000475 is divided by 2978.
2845
What is the remainder when 2618921 is divided by 201417?
500
Calculate the remainder when 794689 is divided by 14714.
133
What is the remainder when 9027395 is divided by 108?
107
What is the remainder when 58212 is divided by 25899?
6414
What is the remainder when 112329165 is divided by 168?
165
Calculate the remainder when 9337183 is divided by 294.
37
Calculate the remainder when 2922153 is divided by 21807.
15
What is the remainder when 147238 is divided by 48982?
292
What is the remainder when 330131 is divided by 165055?
21
What is the remainder when 38704242 is divided by 39214?
24
What is the remainder when 18243 is divided by 18176?
67
Calculate the remainder when 398360 is divided by 6425.
10
What is the remainder when 74642 is divided by 448?
274
Calculate the remainder when 241997 is divided by 3612.
3605
Calculate the remainder when 18649729 is divided by 18649720.
9
What is the remainder when 360470 is divided by 401?
372
What is the remainder when 559007 is divided by 214?
39
Calculate the remainder when 50362 is divided by 6268.
218
What is the remainder when 4723776 is divided by 590472?
0
Calculate the remainder when 327320 is divided by 64.
24
What is the remainder when 65981 is divided by 694?
51
Calculate the remainder when 43370002 is divided by 61.
39
What is the remainder when 19529963 is divided by 795?
788
What is the remainder when 3120 is divided by 1546?
28
What is the remainder when 654463 is divided by 80?
63
Calculate the remainder when 139519 is divided by 8206.
17
What is the remainder when 42025 is divided by 41433?
592
Calculate the remainder when 8855493 is divided by 8.
5
What is the remainder when 3970756 is divided by 365?
286
Calculate the remainder when 1647282 is divided by 253.
252
Calculate the remainder when 336828 is divided by 365.
298
Calculate the remainder when 116057 is divided by 2146.
173
Calculate the remainder when 26118 is divided by 1635.
1593
What is the remainder when 101510 is divided by 51?
20
What is the remainder when 6978045 is divided by 436112?
253
Calculate the remainder when 1180459 is divided by 118034.
119
What is the remainder when 47936 is divided by 1333?
1281
Calculate the remainder when 233943 is divided by 12301.
224
What is the remainder when 24748281 is divided by 35?
26
What is the remainder when 65668529 is divided by 62?
51
What is the remainder when 13259542 is divided by 122?
94
Calculate the remainder when 1054927 is divided by 1163.
86
Calculate the remainder when 2398248 is divided by 159883.
3
Calculate the remainder when 13524147 is divided by 290.
287
What is the remainder when 1000585 is divided by 2477?
2354
What is the remainder when 12828798 is divided by 41517?
45
Calculate the remainder when 32423 is divided by 4612.
139
What is the remainder when 16464770 is divided by 5488255?
5
What is the remainder when 451425 is divided by 112717?
557
What is the remainder when 1628327 is divided by 50885?
7
Calculate the remainder when 11657567 is divided by 3885854.
5
What is the remainder when 21886 is divided by 6750?
1636
Calculate the remainder when 124120 is divided by 1882.
1790
What is the remainder when 3891381 is divided by 4846?
43
What is the remainder when 718045 is divided by 136?
101
What is the remainder when 116845482 is divided by 417?
414
What is the remainder when 28646157 is divided by 87?
15
What is the remainder when 55441 is divided by 13841?
77
Calculate the remainder when 1398869 is divided by 9516.
17
What is the remainder when 1333423 is divided by 147406?
6769
What is the remainder when 311944 is divided by 3354?
22
What is the remainder when 252622 is divided by 83967?
721
What is the remainder when 4772393 is divided by 122?
119
What is the remainder when 585107708 is divided by 1728?
1724
Calculate the remainder when 467331 is divided by 69.
63
Calculate the remainder when 9904527 is divided by 78.
9
Calculate the remainder when 25126781 is divided by 4571.
4565
Calculate the remainder when 308086 is divided by 732.
646
What is the remainder when 3917251 is divided by 36?
19
What is the remainder when 9988255 is divided by 78033?
31
Calculate the remainder when 5280458 is divided by 2640157.
144
What is the remainder when 2867 is divided by 703?
55
Calculate the remainder when 255652 is divided by 12780.
52
Calculate the remainder when 452300 is divided by 3833.
6
What is the remainder when 39477082 is divided by 348?
310
Calculate the remainder when 1028156 is divided by 3404.
148
What is the remainder when 159944 is divided by 3901?
3
Calculate the remainder when 44027114 is divided by 1793.
1792
Calculate the remainder when 9142 is divided by 2985.
187
What is the remainder when 225549 is divided by 1157?
1091
Calculate the remainder when 2760754 is divided by 1380376.
2
What is the remainder when 1759803 is divided by 135359?
136
What is the remainder when 1066 is divided by 292?
190
What is the remainder when 1027278 is divided by 360?
198
Calculate the remainder when 63826988 is divided by 10637830.
8
What is the remainder when 12815426 is divided by 266988?
2
What is the remainder when 11493680 is divided by 1461?
1454
What is the remainder when 47413002 is divided by 4555?
7
What is the remainder when 30329 is divided by 4798?
1541
Calculate the remainder when 364878 is divided by 1242.
972
What is the remainder when 295858 is divided by 57?
28
What is the remainder when 704205 is divided by 67?
35
Calculate the remainder when 116270 is divided by 7221.
734
What is the remainder when 279674 is divided by 4174?
16
What is the remainder when 242631 is divided by 13?
12
Calculate the remainder when 6376907 is divided by 92418.
65
Calculate the remainder when 22780149 is divided by 82.
57
Calculate the remainder when 712188 is divided by 903.
624
Calculate the remainder when 139644 is divided by 11632.
60
What is the remainder when 7723576 is divided by 1169?
1162
What is the remainder when 16698104 is divided by 2087254?
72
Calculate the remainder when 12058829 is divided by 18.
17
Calculate the remainder when 158347 is divided by 4170.
4057
What is the remainder when 10168171 is divided by 122508?
7
What is the remainder when 22330677 is divided by 683?
675
Calculate the remainder when 79388 is divided by 18825.
4088
What is the remainder when 4509989 is divided by 3043?
263
What is the remainder when 2824474 is divided by 51?
43
Calculate the remainder when 78691 is divided by 18582.
4363
Calculate the remainder when 48175 is divided by 124.
63
Calculate the remainder when 219405 is divided by 15581.
1271
What is the remainder when 9128 is divided by 428?
140
What is the remainder when 28110968 is divided by 9370291?
95
Calculate the remainder when 1882107 is divided by 133.
24
What is the remainder when 2799347 is divided by 360?
347
What is the remainder when 4551803 is divided by 46?
11
Calculate the remainder when 11197371 is divided by 86.
85
What is the remainder when 115702 is divided by 57851?
0
Calculate the remainder when 151063629 is divided by 153.
150
Calculate the remainder when 96545 is divided by 6207.
3440
Calculate the remainder when 402878 is divided by 16750.
878
What is the remainder when 57252 is divided by 3824?
3716
Calculate the remainder when 2362179 is divided by 275.
204
Calculate the remainder when 3048860357 is divided by 6370.
6367
Calculate the remainder when 334206 is divided by 1295.
96
Calculate the remainder when 1666975 is divided by 66.
13
Calculate the remainder when 646340 is divided by 23911.
743
What is the remainder when 12640033 is divided by 22?
21
Calculate the remainder when 1584774 is divided by 128.
6
What is the remainder when 4461407 is divid